{"id":21,"date":"2018-05-20T11:52:34","date_gmt":"2018-05-20T09:52:34","guid":{"rendered":"http:\/\/www.kuef.de\/?page_id=21"},"modified":"2025-09-12T17:08:53","modified_gmt":"2025-09-12T15:08:53","slug":"datenschutzerklaerung","status":"publish","type":"page","link":"https:\/\/www.kuef.de\/index.php\/datenschutzerklaerung\/","title":{"rendered":"Datenschutzerkl\u00e4rung"},"content":{"rendered":"\n<p>Stand: 12.9.2025<\/p>\n\n\n<p data-start=\"3593\" data-end=\"3724\"><strong data-start=\"3593\" data-end=\"3616\">1. Verantwortlicher<\/strong><br data-start=\"3616\" data-end=\"3619\" \/>Mathias K\u00fcfner, Elisabethstra\u00dfe 110, 85716 Unterschlei\u00dfheim, Deutschland<br data-start=\"3693\" data-end=\"3696\" \/><strong data-start=\"3293\" data-end=\"3304\">E-Mail:<\/strong> <a href=\"mailto:info@kuef.de\">info@kuef.de<\/a><\/p>\n<p data-start=\"3729\" data-end=\"4221\"><strong data-start=\"3729\" data-end=\"3766\">2. Hosting \/ Auftragsverarbeitung<\/strong><br data-start=\"3766\" data-end=\"3769\" \/>Diese Website wird bei der STRATO AG, Otto-Ostrowski-Str. 7, 10249 Berlin gehostet. STRATO verarbeitet personenbezogene Daten in unserem Auftrag (Art. 28 DSGVO). Beim Aufruf der Website speichert STRATO zur Abwehr von Angriffen u. a. IP-Adressen in Server-Logfiles <strong data-start=\"4036\" data-end=\"4054\">maximal 7 Tage<\/strong>; anschlie\u00dfend Anonymisierung. <strong data-start=\"4085\" data-end=\"4105\">Rechtsgrundlage:<\/strong> Art. 6 Abs. 1 lit. f DSGVO (berechtigtes Interesse an Stabilit\u00e4t\/Sicherheit). <span class=\"\" data-state=\"closed\"><span class=\"ms-1 inline-flex max-w-full items-center relative top-[-0.094rem] animate-[show_150ms_ease-in]\" data-testid=\"webpage-citation-pill\"><a class=\"flex h-4.5 overflow-hidden rounded-xl px-2 text-[9px] font-medium text-token-text-secondary! bg-[#F4F4F4]! dark:bg-[#303030]! transition-colors duration-150 ease-in-out\" href=\"https:\/\/www.strato.de\/faq\/vertrag\/fragen-zur-auftragsverarbeitungsvertrag-avv-und-der-neuen-eu-datenschutzgrundverordnung-dsgvo\/?utm_source=chatgpt.com\" target=\"_blank\" rel=\"noopener\"><span class=\"relative start-0 bottom-0 flex h-full w-full items-center\"><span class=\"flex h-4 w-full items-center justify-between overflow-hidden\"><span class=\"max-w-[15ch] grow truncate overflow-hidden text-center\">STRATO GmbH<\/span><\/span><\/span><\/a><\/span><\/span><\/p>\n<p data-start=\"4226\" data-end=\"4442\"><strong data-start=\"4226\" data-end=\"4273\">3. Technisch erforderliche Daten \/ Logfiles<\/strong><br data-start=\"4273\" data-end=\"4276\" \/>Verarbeitete Daten: aufgerufene URL, Datum\/Uhrzeit, Referrer, User-Agent, gek\u00fcrzte IP. <strong data-start=\"4365\" data-end=\"4375\">Zweck:<\/strong> Betrieb, Sicherheit, Fehleranalyse. <strong data-start=\"4412\" data-end=\"4430\">Speicherdauer:<\/strong> siehe oben.<\/p>\n<p data-start=\"4447\" data-end=\"4877\"><strong data-start=\"4447\" data-end=\"4504\">4. Externe Inhalte &amp; Einwilligung\u00a0<\/strong><br data-start=\"4504\" data-end=\"4507\" \/>Externe Medien (z. B. YouTube\/Spotify) werden <strong data-start=\"4555\" data-end=\"4588\">erst nach deiner Einwilligung<\/strong> geladen. Dabei k\u00f6nnen die Drittanbieter Cookies\/\u00e4hnliche Technologien setzen. <strong data-start=\"4667\" data-end=\"4687\">Rechtsgrundlage:<\/strong> \u00a7 25 TDDDG (Endger\u00e4tezugriff) i.V.m. Art. 6 Abs. 1 lit. a DSGVO (Einwilligung). Die Einwilligung ist jederzeit mit Wirkung f\u00fcr die Zukunft widerrufbar.<\/p>\n<p data-start=\"5289\" data-end=\"5685\"><strong data-start=\"5289\" data-end=\"5327\">5. Rechte der betroffenen Personen<\/strong><br data-start=\"5327\" data-end=\"5330\" \/>Du hast Rechte auf Auskunft (Art. 15), Berichtigung (Art. 16), L\u00f6schung (Art. 17), Einschr\u00e4nkung (Art. 18), Daten\u00fcbertragbarkeit (Art. 20) sowie Widerspruch (Art. 21) gegen Verarbeitungen auf Basis von Art. 6 Abs. 1 lit. e\/f DSGVO. Zudem das Recht, erteilte Einwilligungen jederzeit zu widerrufen (Art. 7 Abs. 3).<\/p>\n<p data-start=\"5690\" data-end=\"5995\"><strong data-start=\"5690\" data-end=\"5712\">6. Beschwerderecht<\/strong><br data-start=\"5712\" data-end=\"5715\" \/>Du kannst dich bei einer Datenschutzaufsichtsbeh\u00f6rde beschweren, z. B. beim <strong data-start=\"5793\" data-end=\"5881\">Bayerischen Landesamt f\u00fcr Datenschutzaufsicht (BayLDA), Promenade 18, 91522 Ansbach<\/strong><\/p>\n<p data-start=\"5690\" data-end=\"5995\"><strong>7. Erg\u00e4nzende Hinweise<\/strong><\/p>\n<p>Diese Webseite www.kuef.de ist eine private Webseite, hinter der kein Unternehmen steht. Diese Webseite ist auch \u00fcber andere Domains erreichbar, bzw. es kann eine Weiterleitung auf diese Webseite erfolgt sein.<\/p>\n<p>Der Datenschutz wird auf dieser Website ernst genommen. Deshalb wird\u00a0 datensparsam gearbeitet. Das fortlaufende Bem\u00fchen ist darauf gerichtet, m\u00f6gliche Probleme zu erkennen, ggf. zu beheben und den hohen Datenschutzstandard dauerhaft aufrecht zu erhalten.<\/p>\n<p>Das grunds\u00e4tzliche Ziel dieser Webseite ist das Darreichen von Informationen und k\u00fcnstlerischem Schaffen durch den Autor bzw. die Autoren, ohne dabei eine Erhebung von Daten durch die Nutzer und Besucher zu beabsichtigen.<\/p>\n<p>F\u00fcr weitere Informationen und Kontaktm\u00f6glichkeiten, siehe auch das <a href=\"https:\/\/www.kuef.de\/index.php\/impressum\/\">Impressum<\/a>.<\/p>\n\n\n<p><\/p>\n","protected":false},"excerpt":{"rendered":"<p>Stand: 12.9.2025 1. VerantwortlicherMathias K\u00fcfner, Elisabethstra\u00dfe 110, 85716 Unterschlei\u00dfheim, DeutschlandE-Mail: info@kuef.de 2. Hosting \/ AuftragsverarbeitungDiese Website wird bei der STRATO AG, Otto-Ostrowski-Str. 7, 10249 Berlin gehostet. STRATO verarbeitet personenbezogene Daten in unserem Auftrag (Art. 28 DSGVO). Beim Aufruf der Website speichert STRATO zur Abwehr von Angriffen u. a. IP-Adressen in Server-Logfiles maximal 7 Tage; anschlie\u00dfend [&hellip;]<\/p>\n","protected":false},"author":1,"featured_media":0,"parent":0,"menu_order":0,"comment_status":"closed","ping_status":"closed","template":"","meta":{"footnotes":""},"class_list":["post-21","page","type-page","status-publish","hentry"],"_links":{"self":[{"href":"https:\/\/www.kuef.de\/index.php\/wp-json\/wp\/v2\/pages\/21","targetHints":{"allow":["GET"]}}],"collection":[{"href":"https:\/\/www.kuef.de\/index.php\/wp-json\/wp\/v2\/pages"}],"about":[{"href":"https:\/\/www.kuef.de\/index.php\/wp-json\/wp\/v2\/types\/page"}],"author":[{"embeddable":true,"href":"https:\/\/www.kuef.de\/index.php\/wp-json\/wp\/v2\/users\/1"}],"replies":[{"embeddable":true,"href":"https:\/\/www.kuef.de\/index.php\/wp-json\/wp\/v2\/comments?post=21"}],"version-history":[{"count":13,"href":"https:\/\/www.kuef.de\/index.php\/wp-json\/wp\/v2\/pages\/21\/revisions"}],"predecessor-version":[{"id":264,"href":"https:\/\/www.kuef.de\/index.php\/wp-json\/wp\/v2\/pages\/21\/revisions\/264"}],"wp:attachment":[{"href":"https:\/\/www.kuef.de\/index.php\/wp-json\/wp\/v2\/media?parent=21"}],"curies":[{"name":"wp","href":"https:\/\/api.w.org\/{rel}","templated":true}]}}